eatest common factor of 16 and m.
8
Let x = 14 + -4. Suppose -5*u = -550 - x. Calculate the greatest common divisor of u and 14.
14
Let n be 14 - 2/4*-4. What is the greatest common divisor of 24 and n?
8
Suppose -1 - 1 = -2*a. Let w = 1 + a. Suppose -w*f = f - 144. What is the highest common divisor of 32 and f?
16
Suppose -o + 1 + 2 = -t, 2*o + 5*t - 41 = 0. Suppose 2*v + 5*r = 28, -o*v - r = -4*v - 56. Let l be 280/16*56/10. What is the highest common factor of v and l?
14
Suppose 3 = 4*o - 17. Calculate the highest common divisor of o and 5.
5
Let c(o) = o**2 - 4*o. Let d(y) = y**2 - 8*y - 4. Let n be d(9). Let s be c(n). Calculate the greatest common divisor of 10 and s.
5
Let j be 2*((-43)/(-2) + 1). Suppose 18 = -15*m + 16*m. What is the highest common divisor of m and j?
9
Let k be (2/(-3))/(8/2148). Let r be k/(-5) + (-3)/(-15). Calculate the greatest common factor of 12 and r.
12
Let g = -3 + 19. What is the greatest common factor of g and 144?
16
Let f be (-33)/(-44) - 98/(-8). Calculate the highest common divisor of 52 and f.
13
Let h(a) = 2*a**2 + 11*a + 10. Let j(y) = y - 8. Let c be j(0). Let n be h(c). Calculate the greatest common factor of 20 and n.
10
Suppose -2 = 2*s - 4. Let g be (s/(-2))/(1/(-14)). Calculate the highest common divisor of 77 and g.
7
Suppose y - 5*x = -4*y, -y - 4*x + 10 = 0. Let s(v) = v - 10. Let a be s(6). Let i be ((-2)/a - 1)*-2. What is the highest common divisor of i and y?
1
Let u(l) be the first derivative of l**3/3 - 3*l**2/2 + 5*l - 2. Let w be u(-4). Let z be ((0 - 2) + 3)*w. Calculate the highest common factor of 11 and z.
11
Let n = 158 - 28. Let x = n - 88. What is the greatest common factor of 14 and x?
14
Let w = -118 + 160. Calculate the greatest common factor of 6 and w.
6
Let x be 3 - ((-6)/(-10) - 590/25). What is the greatest common divisor of x and 208?
26
Let b = 115 + -71. What is the greatest common factor of b and 4?
4
Let z = -2 + 6. Suppose 2*d - 5*d + z = 2*b, 3*d = -5*b - 8. Suppose 0 = -d*r + 83 + 281. Calculate the greatest common divisor of r and 13.
13
Suppose 5*o = -k + 213, 2*k + 162 = -o + 5*o. What is the highest common factor of o and 6?
6
Suppose -88 = -4*m + 28. Let o = m - 16. What is the greatest common factor of 104 and o?
13
Suppose 0 = -0*o - 4*o - 3184. Let i = o - -1142. Let m = i - 148. Calculate the highest common factor of 18 and m.
18
Let p(d) be the third derivative of d**5/20 + d**3/2 - 7*d**2. Let s be p(2). Calculate the greatest common divisor of s and 120.
15
Let o be (-4)/14 + (-172)/(-14). Let p = -5 - -6. Let c be (45/(-10))/(p/(-8)). What is the highest common divisor of o and c?
12
Suppose 4*u = 4*g + 36, 2*u - 6 = u - 2*g. Calculate the greatest common divisor of 24 and u.
8
Suppose 3 + 3 = 6*m. What is the greatest common divisor of m and 2?
1
Let p be 6/4*30/9. Suppose 194 = 2*g - p*n + 2, 384 = 4*g - 5*n. Suppose -2*t + 0*t = -g. Calculate the highest common divisor of t and 6.
6
Suppose -2*z + w + 5 + 1 = 0, 0 = 3*z + 5*w + 4. Suppose 3*r = -4*d + 60, 4*r = d + z*d - 20. Calculate the highest common divisor of d and 12.
12
Suppose 2*u = 5*u - 105. Let i = 51 - u. Calculate the greatest common factor of 4 and i.
4
Suppose 20*r - 220 = 9*r. What is the highest common divisor of r and 5?
5
Let h(i) = 2 - 13*i**2 + i**3 - 11 + 3*i - 2*i. Let r be h(13). Calculate the greatest common divisor of r and 6.
2
Suppose 0 = -2*t - 0*t + 32. Let o(f) = f + 16. Let h be o(16). Let i be h/((12/(-11))/(-6)). What is the highest common divisor of t and i?
16
Let p be (-5 - 1)*(-2 + -1). Let y = -2 - -38. What is the greatest common divisor of p and y?
18
Let x = 4 - 7. Let p be -5*17*(2 + x). Suppose -p = -0*s - 5*s. What is the highest common factor of s and 119?
17
Let m(f) = f**3 + 8*f**2 + f + 10. Let j be m(-5). Calculate the greatest common factor of j and 16.
16
Let q(r) = r. Let z be q(5). Suppose -44 = -3*w + 2*x, w + 56 = 4*w - z*x. Let f be 6/(-7)*(0 - 21). Calculate the highest common divisor of w and f.
6
Let v be (-28)/(-3) + (-3)/9. Let q(w) = w**2 - 6*w. Let p be q(6). Let g = 1 - p. What is the greatest common divisor of v and g?
1
Suppose 2*y = -2*a - 14, -13 + 39 = -4*a - 3*y. Let q be 63 - (-2 - (0 + a)). Calculate the greatest common factor of 40 and q.
20
Let p be (0 - 0)*4/8. Suppose -3*t + 3 = -p*t. What is the highest common divisor of 3 and t?
1
Let l = -58 - -94. Let m = 34 - 16. What is the greatest common divisor of m and l?
18
Suppose 5*z + 12*y - 8*y - 616 = 0, 0 = 3*y + 3. What is the highest common factor of z and 31?
31
Suppose 5*d - 4*s - 141 = 0, -2*d - 4*s = -16 - 18. What is the greatest common divisor of d and 5?
5
Suppose 4*w = -2*l + 4, 4*w = -l - 2 + 4. Let j(i) = 11*i**2 - 3*i + 2. Let c be j(l). What is the greatest common divisor of c and 16?
8
Suppose -l = 2*l - 6. Suppose 0 = -l*b + 7*b - 35. What is the greatest common divisor of b and 1?
1
Let v(s) = -s**3 - 9*s**2 + s + 14. Let g be ((-4)/(-6))/(2/(-30)). Let d be v(g). Calculate the greatest common factor of d and 13.
13
Let s be (-2 + 4/(-6))/(3/(-243)). Calculate the greatest common factor of 27 and s.
27
Let y(j) = -j + 19. Let r be y(0). Let h = 334 + -201. What is the highest common divisor of r and h?
19
Suppose 16*z = 23*z - 182. What is the highest common factor of 182 and z?
26
Let a(b) = 3*b**2 - 3*b - 3. Let s be a(3). Let f(j) = 104*j**3 + 2*j**2 - j. Let y = 4 + -3. Let x be f(y). Calculate the greatest common factor of x and s.
15
Let p(c) = -11*c + 1. Let w be p(-4). Suppose 0*b + w = 3*b. Suppose 101 = 17*l - 154. Calculate the greatest common factor of b and l.
15
Suppose -1 + 2 = v - 2*i, -3*i = -v. Calculate the greatest common factor of 3 and v.
3
Let c = 12 + -6. Let x be 7/2 + 3/c. Suppose -5*f + 82 = -3*f + x*p, -3*p = f - 44. Calculate the highest common factor of f and 5.
5
Let a(r) = -9*r + 14. Suppose -7*x - 50 = -2*x. Let c be a(x). What is the greatest common divisor of c and 13?
13
Let a be 148/10 + -1 + 2/10. Calculate the greatest common factor of a and 21.
7
Let o be 6/(-27) + ((-488)/9)/(-1). What is the greatest common divisor of o and 81?
27
Let d(h) = -2*h - 9. Let m be d(-7). Calculate the greatest common factor of m and 55.
5
Suppose 4 = -2*t + 10. Let j be 1/(-1) - 2 - -27. What is the greatest common factor of t and j?
3
Let j(h) = 9*h**2 + 3*h + 2*h - 5*h. Suppose 2 = 2*x - 4*x. Let q be j(x). Calculate the greatest common divisor of q and 81.
9
Suppose -3*p = -8*p. Let z = -3 - -5. Suppose p = z*d - 6 - 10. What is the greatest common divisor of 88 and d?
8
Let h(u) = u + 23. Let s be h(-11). Let f = -4 + s. Calculate the greatest common factor of f and 8.
8
Suppose 7 = -4*n + 6*n - 3*i, -3*n + 2*i = -23. What is the greatest common divisor of 11 and n?
11
Let z(h) = h**2 + 9*h - 2. Let y be z(-11). Calculate the highest common factor of y and 8.
4
Let l(f) = 14*f. Let q be l(6). Calculate the highest common factor of 210 and q.
42
Let h be ((-1)/(-3))/((-2)/6). Let b be (h/1)/((-1)/3). Suppose 0 = 3*o - 15, 3*k + 2*k - 2*o - 155 = 0. What is the highest common divisor of b and k?
3
Let d(h) = -h**2. Let y be d(-2). Let c = 27 + y. Suppose -o = -2*o + 115. What is the highest common divisor of o and c?
23
Let o = 101 + -61. Let l(t) = -t**3 - t**2 + 2*t - 2. Let c be l(0). Let z be 4 + (1 - 3)/c. What is the highest common divisor of o and z?
5
Let m(b) = 26*b + 1. Let f(g) = g. Let p be f(1). Let n be m(p). What is the highest common factor of n and 18?
9
Suppose 7*n - 2*n - 4*u = -44, 3*u + 48 = -3*n. Let p be n/(-16) - 87/(-12). Let s(k) = 14*k - 7. Let y be s(p). What is the highest common factor of 15 and y?
15
Let y(f) = -f**3 + 2*f**2 + 2. Let l be y(2). Let n be 2/(-3*l/(-42)). Suppose 0*i = -2*i + 112. What is the highest common divisor of n and i?
14
Suppose 5*k = 3*g - 214, -5*k = -g + 38 + 40. Suppose -2*f - 2*f + g = 0. What is the highest common divisor of f and 187?
17
Suppose -2*v + 7 = -5. Let f = v + -6. Let w be 6/1 - (-2 - f). Calculate the highest common divisor of w and 40.
8
Let f be 1 + 1 + (-68)/(-4). Suppose 0 = -5*c + f + 21. Calculate the greatest common factor of c and 8.
8
Let n be -9 - (5 - 10) - -95. Calculate the greatest common divisor of n and 13.
13
Suppose 0*u = -4*u + 10